of 21 + (-15 + 16 - (2 + -4 - -4))?
20
What is 244 - 248 - (0 - (0 + -2 - -15))?
9
Evaluate 3 - (8 + (23 - 17)).
-11
What is 85 + -89 + (-19 - -1)?
-22
Evaluate (-79 - -37) + 17 - -42.
17
Calculate 4 - (1 - (-24 - -11)).
-10
Calculate 155 - 156 - ((0 - -2 - 13) + -2).
12
4 - (28 - -3 - -6) - -9
-24
What is -5 - (2 + 7 - (16 - (19 - 4)))?
-13
Evaluate (-2 - (-13 + 1)) + -4 - 26.
-20
What is 0 + -12 + 8 + 3?
-1
What is (-3 - -39) + -125 + 75?
-14
-1 - (-15 - (12 - 7) - -8)
11
Calculate -3 + (-3 - 2) - (-2 + (11 - 14)).
-3
Evaluate (0 + 2 - (4 - 0)) + (139 - 129).
8
What is 4 + 8 + -49 + 23?
-14
Calculate 5 - -6 - (-8 - -24).
-5
What is the value of (0 + 0 - -6) + 3 + -1 - 27?
-19
Calculate (-9 - -5) + -7 - (0 + (-2 - -2)).
-11
Calculate -5 - (-36 + 25 + -14).
20
What is (-1 - 8) + (-8 + 11 + 9 - 8)?
-5
What is (-2 - -37) + -142 + 114?
7
Calculate -7 - (-4 - (15 - (-1 + 7)) - -7).
-1
What is 2 + 7 - (228 - 217)?
-2
Calculate 3 + (-15 - ((-13 - -3) + 5)).
-7
What is the value of (19 - 26) + -4 - -18?
7
-11 + (0 - 0) - (128 + -130)
-9
(26 - (-8 - -18)) + -12
4
What is the value of 6 - (1 + 5 + -5 + 21 + -5)?
-11
24 + 1 + -15 + -4 + 1
7
What is the value of 4 - -11 - 8 - 12 - 15 - -3?
-17
(20 - (-18 + 36)) + 1
3
What is -3 - ((3 - (6 - (5 - 6))) + 3)?
-2
Evaluate (-2 - -5) + -6 + -3 + (12 - 6).
0
What is -4 + 5 - -3 - -14 - (13 + -10)?
15
-9 - (-6 + 1 + -21) - (5 + 0)
12
Calculate -64 + 26 - -43 - (3 - 0).
2
(4 - 1) + 8 + 9 + -9
11
What is the value of 2 - (1 - (9 - 7)) - -2?
5
Calculate 5 - (4 - 1) - (63 - 57).
-4
What is the value of ((-3 - (-1 - -10)) + -5 - 0) + 2?
-15
Calculate (-14 - (12 + -26)) + (21 - -9).
30
What is the value of (-4 - (-8 - 10)) + -7?
7
What is the value of -22 - ((-9 - -18) + 0 + -9 + 1)?
-23
7 + 8 + -9 - (13 - -2 - -2)
-11
Evaluate (-45 + 48 - (-6 + -1)) + 3.
13
Calculate 35 - (19 - (-12 + 10)).
14
Evaluate -15 - 3 - (-3 - 14).
-1
What is the value of -1 - -2 - (46 - 15 - 29)?
-1
Evaluate -68 + 66 - (2 + -3 + -2 + -23).
24
Calculate 9 + (-8 - (8 + -9 + -8)).
10
Evaluate -6 + 1 - (27 + -8 - 13) - -5.
-6
What is the value of (-2 + (3 - -1) - -4) + (198 - 187)?
17
Calculate 3 + -2 + -2 - ((5 - 11) + 9).
-4
-1 - 19 - (19 - 24)
-15
Calculate -225 + 220 - (3 - 1 - (1 - 1)).
-7
Evaluate (19 - 36 - 19) + 31.
-5
Calculate -2 + -12 + (13 - 0).
-1
What is the value of 15 + -40 + 12 - -20?
7
What is -23 - (19 + -28) - -1?
-13
(2 - -1) + -5 + -43 + 39 - -1
-5
Evaluate -10 - ((115 - 108) + (2 - 2 - 10)).
-7
What is the value of 13 - 27 - (-4 + 1 - (-13 - -16))?
-8
What is the value of (-6 - (9 - -6 - 7 - 19)) + -1?
4
Evaluate 33 + 16 + 43 + -104.
-12
What is -6 - (4 - (-6 - (4 - 11)))?
-9
Evaluate 20 - (15 - -22) - -6.
-11
Evaluate -9 - (9 + -2 - (93 - 101)).
-24
What is -7 + (24 - 24) - ((0 - 1) + -4)?
-2
-1 - 10 - (0 + -6)
-5
Calculate -3 + (-18 + -1 - -8) + -8.
-22
Evaluate -19 - -2 - -3 - 0 - (86 + -84).
-16
What is the value of 4 - (14 + 2 + -7) - (8 + -12)?
-1
What is -20 - -15 - (0 - -3) - -5 - 3?
-6
6 + (-3 - (4 + 4))
-5
Calculate 3 - -2 - (14 + (3 - 26) + 12).
2
Calculate 11 + (-17 - (14 + -33)).
13
(21 - 38) + -2 + 18 - (-16 - 2)
17
Calculate (-1 - (-1 + 10 - (-31 - -34))) + -9.
-16
Calculate 0 + -8 - (-329 + 330).
-9
Evaluate -5 + -1 + -1 + (-5 - -4).
-8
What is the value of -18 + (1 - -38) - -1?
22
-2 - (-4 - (15 - 13))
4
What is the value of 14 - (-5 + -1 - -8)?
12
-10 + 6 - (-14 + -19 - -24)
5
Evaluate -3 - 7 - (-38 + 15).
13
What is the value of 53 + (-11 - (17 + -7 + -3))?
35
Evaluate (-3 - (8 - 2 - 1)) + 1.
-7
12 + -22 + (-1 - (3 - (-6 - -23)))
3
-2 + -16 + 8 + -9 + 19
0
-3 + 1 + (6 - (4 + -9 + 14))
-5
Evaluate 4 + -7 + 10 - (-74 + 89).
-8
22 - ((-14 - -17) + 6)
13
What is the value of (-21 + 25 - 12) + -16 + (6 - 3)?
-21
What is (123 - 126) + 1 + (-1 - 2 - 0)?
-5
(61 - 61) + (2 - 2 - (-2 - 2))
4
What is the value of -13 + 57 + 4 + -34?
14
Evaluate (1 + -7 - 0) + (-127 - -46) + 71.
-16
Evaluate -10 + (-6 - (-8 + -1)) + -26 + 2.
-31
Calculate 9 + (3 - 1) + -13 + (41 - 14).
25
What is 6 - (0 - (1 + -1) - (10 + -7))?
9
Calculate (0 - -1) + -8 + (-108 - -109).
-6
-24 - (16 - 48 - -9)
-1
Evaluate -44 + 12 - ((-6 - -1) + 6).
-33
What is -199 + 150 + (8 - -7)?
-34
Calculate 14 - (5 + 0 + (28 - 30)).
11
Evaluate 38 - (82 - (-12 - -18)).
-38
What is 12 - ((-2 - (0 - -12)) + -107 + 105)?
28
Calculate 4 + -5 + (-3 - -8) + 3.
7
What is 5 + -19 - (-10 + 1)?
-5
-41 + 37 + 0 + 4 + 4 - -23
27
What is the value of 39 + -52 + (-5 - -1)?
-17
What is the value of -9 + 9 + 0 - (4 - 16)?
12
What is 5 + 4 + -12 + (2 + 14 - -26)?
39
Evaluate -8 - -15 - (1 + -2).
8
Calculate (-428 - -410) + (0 - -19).
1
What is the value of -1 - -2 - (5 + -15 - -12 - 13)?
12
(33 - 39 - (-2 - 1)) + (-10 - -4)
-9
What is 14 - (24 - (17 + 8))?
15
Evaluate -9 - (4 - -7 - 12).
-8
Evaluate 49 + -1 - (0 + 14).
34
What is the value of (-11 - (-18 - -5)) + 13?
15
Calculate 47 + -31 + -8 + -20 + 5.
-7
Evaluate -6 + (-4 - -3) - (29 - (5 - -25)).
-6
Calculate -6 + 4 + 9 + (-15 - -10).
2
(0 - 17 - (28 - 40)) + -1 + 24
18
What is the value of -5 + -27 - (-30 + 28 + -13)?
-17
(3 - (15 + -1)) + -15 + 24 + -10
-12
What is the value of 2 + -35 + 45 - 10?
2
Evaluate 5 - (-7 - -15) - (-5 + 2 - 19).
19
What is the value of 8 - (0 + -16 + -9 + 12)?
21
What is the value of 4 + -7 + 10 + -1?
6
(-24 - -39) + -26 + 9
-2
What is the value of (5 + 1 + -5 - 6) + (-9 - -5)?
-9
What is the value of 6 + (-10 - -4) + 1?
1
What is ((-1 - -2) + -2 - 20) + (-43 - -50)?
-14
Calculate 44 + (-26 - -24 - 21).
21
What is the value of 6 + -14 - (-119 - -133)?
-22
Calculate (-94 - (-106 + 18)) + (0 + -1 - 19).
-26
What is the value of 9 + 16 + (-4 - 6)?
15
Calculate -14 - -25 - (9 - (-19 + -3)).
-20
1244 + -1230 - (-1 + -24)
39
What is the value of (15 - (3 - -12)) + (3 + 4 - 4)?
3
Calculate (1 - ((-4 - -5) + -1)) + 6.
7
What is the value of 24 + -19 - (32 + 1 + -2 + 6)?
-32
0 + (-19 - 8) - -4
-23
Evaluate -5 + (7 - -1) + 6.
9
Evaluate (12 - (5 - (0 + -4))) + -6.
-3
-13 + (-12 + -1 + 26 - 1)
-1
Evaluate 0 + 9 + (-2 + 1 - 6 - 10).
-8
Evaluate (5 - 4 - 0) + (-9 - (-2 + -10)).
4
What is the value of -4 + (9 - 24) - -31?
12
What is 0 + -5 + (42 - 17 - 24)?
-4
What is 5 + (16 - (37 - 9))?
-7
What is the value of 3 + 3 - (11 + 0) - (-36 - -40)?
-9
(1 - (-20 + 3)) + -71 + 62 + -31
-22
Calculate -7 + (0 - ((-7 - 6) + 8)) - -10.
8
Calculate 0 + -24 + -173 + 200.
3
(3 - 9) + (-6 + 54 - 17)
25
Evaluate 36 + (2 - (-11 + 32)).
17
Evaluate 16 - (-1 + (21 - 4) + -7).
7
What is the value of 4 - (0 - (-4 + -11)) - (-1 - -1)?
-11
Calculate 7 - (10 + (22 - 13) + -2 + -16).
6
Calculate 3 - (11 + (-5 + 0 - -1 - 2)).
-2
Calculate (36 - 38) + (1 - -2).
1
What is the value of 10 + -7 + 4 + (-5 - (3 - 7))?
6
What is 60 + -57 + (-1 - (2 + -16 + -2))?
18
What is -22 + (1 + -2 - (-32 + -7 + 29))?
-13
What is -5 + -16 + 23 + -3 + -20?
-21
0 + (2 - 10) - (-18 + 16) - -5
-1
What is the value of -211 + 214 - (2 - 0 - (-7 - 1))?
-7
Evaluate -1 - ((-2 - 4) + 10 + -1).
-4
Evaluate -30 + 10 + 41 - (0 + -3).
24
(-1 - -16) + (-7 - (19 - 26)) + -2
13
-1 - (6 - (-7 + 6)) - 9
-17
-8 + 0 + (-6 - 0) + 1
-13
Evaluate 4 + (4 - -8 - 23).
-7
Calculate (21 + 6 - 4) + -15.
8
(9 - (-21 + 23)) + -8
-1
3 + -14 + (-4 - -9) - (0 + -18)
12
What is the value of (-64 - (-30 + -11)) + 7 + -1?
-17
Calculate 37 + -7 + -40 - -24.
14
Evaluate -16 - (33 + -37 + 1 + -3).
-10
Calculate -19 + 23 + -9 + -30.
-35
Calculate 15 - 11 - (-2 - (0 + 4) - 1).
11
What is 22 + (16 - 32 - -3)?
9
(29 + -1 - 11) + -3
14
What is the value of (-15 - -14 - 2) + (9 - 0) - -14?
20
Evaluate -14 + 25 - (11 + (-12 - -21)).
-9
Evaluate -6 + 6 - -6 - (27 + -6 + -4).
-11
What is -9 + 17 + -7 + -14?
-13
Calculate -18 + (92 - 78 - (1 - -8)) - -1.
-12
Calculate (-6 + 13 - -8) + (-13 - 1).
1
Calculate 1 - (8 - (9 - 13)) - -8.
-3
Calculate 0 + -4 + (-5 - (-12 + 17 + -3)).
-11
Evaluate 20 - (13 + -4 + 6).
5
Evaluate 12 + -1 + 6 - (17 - (18 + -5)).
13
What is 10 + -60 + 12 - (-12 + -1)?
-25
1 + -3 + (9 - (4 + 0))
3
What is 12 - (2 + 0) - (17 + (-31 - -19))?
5
2 - (-1 + 6 - 2 - -11)
-12
What is 22 + 4 + -17 + -2 + 4 + -5?
6
What is (-8 - -8) + (-7 - -1) - (11 + -4)?
-13
What is (1 + 17 - -3) + (-53 - -42)?
10
Evaluate 3 + (-7 + 20 + -12 - 9).
-5
Evaluate -1 + -9 + 10 - -1.
1
6 + 1 - (16 - 0 - 1